5 = 0. Calculate the greatest common divisor of r and 16.
16
Suppose 0 = u - 15. What is the highest common factor of 15 and u?
15
Let o be -4 - (-2 + 6 + -24). Calculate the greatest common factor of o and 8.
8
Let c(g) be the third derivative of -g**6/120 + 2*g**5/15 - 4*g**3/3 - 2*g**2. Let s be c(6). Calculate the highest common factor of 8 and s.
8
Suppose 5*u + 3 + 2 = 0. Let p be (-4)/(u + (-14)/(-16)). Let a = -4 - -8. Calculate the greatest common divisor of a and p.
4
Suppose 0*t = -t. Suppose -c = -2*c - 3*i + 192, -5*i = t. Let m(g) = 5*g - 6. Let q be m(6). What is the highest common divisor of q and c?
24
Let j be 2 + 2 + -3 - 1. Let t be 0 + 8/(2 - j). Suppose -4*l = 3*u + 14 - 39, 3*l + t*u - 10 = 0. Calculate the highest common divisor of l and 10.
10
Let c be 2/(-2*3/(-36)). What is the highest common divisor of c and 60?
12
Let v(n) = -n**2 - 18*n - 39. Let k be v(-13). Calculate the highest common divisor of k and 234.
26
Suppose p = 1 + 7. Suppose 4*r - p = -5*c, -4*r = 3*c - 0*r. Let g be (-10)/4*c/(-5). What is the greatest common factor of 10 and g?
2
Let b = -119 + 207. Calculate the greatest common divisor of b and 8.
8
Suppose 2*l + 56 = -2*l. Let h = l + 22. What is the greatest common divisor of 20 and h?
4
Let s = 8 + -7. Let c be 3/s + 83 + -5. What is the highest common factor of 9 and c?
9
Let w(b) = 8*b**2 + 3*b - 18. Let c be w(-4). Calculate the highest common factor of 7 and c.
7
Suppose 5 = 3*o + 4*u - 3, 10 = -o + 5*u. Suppose 0*a + 4*a + v = 967, o = -4*a + v + 969. What is the greatest common factor of a and 22?
22
Let r be -1 - 1/(-2)*2. Let m(k) = -k**3 - k**2 - k + 19. Let d be m(r). Calculate the greatest common divisor of 152 and d.
19
Let i = -15 - -19. Calculate the highest common divisor of 32 and i.
4
Let k(m) = 9*m**3 - m**2 - m - 1. Let d be k(2). Calculate the highest common divisor of d and 26.
13
Let u(g) = 7*g**2 - 2*g - 1. Let b be u(-1). Let i = b - -2. What is the highest common divisor of 25 and i?
5
Let d = 246 - 130. Suppose -d = -a + 38. Calculate the highest common divisor of 14 and a.
14
Let n(q) = q - 2*q + 0*q - 4 + 5*q. Suppose -4*t + 13 + 15 = 0. Let l be n(t). What is the greatest common factor of l and 3?
3
Let f be (-4)/(-14) + (-1506)/(-21). Let b(r) = -10*r - 2. Let l be b(-2). What is the greatest common factor of f and l?
18
Let u = 59 + -53. Calculate the highest common factor of 24 and u.
6
Suppose -4*f = -201 + 53. Calculate the highest common factor of f and 296.
37
Let p be ((-15)/10)/((-6)/16). What is the highest common factor of 6 and p?
2
Let t be 1/(-7) + (-30)/(-14). Suppose 0 = t*z + 2*z - 20. Calculate the highest common divisor of z and 40.
5
Let w be ((-45)/30)/((-6)/124). Calculate the greatest common divisor of 248 and w.
31
Let d be (3/(-2))/(4/(-8)). Suppose 115 = 4*k + k. Suppose i + d = k. What is the greatest common divisor of i and 50?
10
Suppose -4*i - 52 = -8*i. Let r be -1 + 4/(4/i). Calculate the highest common factor of r and 36.
12
Suppose -2*t + 3*t = 2*b + 166, -2*t - 2*b + 320 = 0. Calculate the greatest common divisor of t and 18.
18
Suppose 0 = 2*q - 4*q. Suppose 2*r + m = 12, 2*r + q*m + 4 = 3*m. Calculate the greatest common divisor of 16 and r.
4
Suppose 50 = 2*o + 3*o. What is the greatest common factor of 4 and o?
2
Suppose a + 0*a - 5 = 0. Let l be 5 - -1*3/(-1). Suppose -m + 5*m + l*d = 10, -40 = -4*m + 4*d. What is the highest common divisor of m and a?
5
Let o(c) = 6*c**2 + 2. Let j be o(-1). Calculate the greatest common factor of 88 and j.
8
Let c = 9 + -9. Suppose 10 = j - c. What is the greatest common factor of 2 and j?
2
Suppose y + 0*y + 59 = 2*h, -3*y + 33 = h. Suppose 240 = d + m, -5*m - 720 = 6*d - 9*d. What is the highest common divisor of h and d?
30
Let g = -73 - -122. Suppose 4*r + 4*p - 5 = 23, 5*r - g = 2*p. What is the greatest common divisor of 1 and r?
1
Suppose -81 = -4*g + 7. Let m = -34 - -67. Calculate the highest common factor of g and m.
11
Suppose 1400 = -3*p + 8*p. Calculate the highest common factor of 56 and p.
56
Let g = 9 + -9. Suppose -3*y + 30 = -g*y. Calculate the highest common divisor of y and 5.
5
Let m = -13 + 21. Let t = m - 4. Let o be t/18 + (-302)/(-18). Calculate the greatest common factor of 153 and o.
17
Suppose -m + 2 = -0*m. Suppose -m*a + 0*a = 2. Let q(k) = -12*k + 1. Let i be q(a). What is the greatest common factor of i and 13?
13
Let b = -111 + 249. What is the highest common factor of 6 and b?
6
Suppose 24 = 2*r + t, -2*r - 62 = -7*r - 3*t. Let i be 1/(-2 - -1) + r. Let a be (3 - 6) + -1 + 13. Calculate the greatest common divisor of a and i.
9
Suppose 5*f + 2*t - 7 = t, -5*f + 2*t = -16. Suppose 3*c = 2*c + f. Let a be (4/(-12))/(2/(-24)). Calculate the highest common divisor of a and c.
2
Let r = 6 - 9. Let g be 0/1 - (r - 0). Suppose 4*j = 5*c + 35, g = -j - 3*c - 1. What is the greatest common divisor of 1 and j?
1
Suppose 60 = w - 4*p + p, 5*w - 300 = -p. Calculate the highest common divisor of 15 and w.
15
Let r(y) = -8*y - 2. Let b = -4 - -1. Let s = b + 1. Let j be r(s). Calculate the greatest common factor of 70 and j.
14
Suppose d + 3 = 21. What is the greatest common divisor of 162 and d?
18
Let t(z) = 4 + z**3 + 2 + 34*z - 6*z**2 - 39*z. Let l be t(7). What is the highest common factor of l and 4?
4
Suppose -3*o = 3*s - 438, -s - 4*s + 154 = o. Let b(j) = 7*j - 6 - j + 0*j. Let h be b(4). Calculate the highest common factor of o and h.
18
Let k = 20 - 9. Calculate the highest common divisor of 99 and k.
11
Suppose 0 = 2*s + 3*s - 70. Suppose 3*g - g = s. Suppose -r + 4*a - g = 0, 27 = 4*r - a - 5. What is the highest common divisor of r and 6?
3
Let u = -54 + 82. Suppose -6*w = -2*w - u. Let d = -9 + 23. Calculate the greatest common factor of w and d.
7
Suppose 0 = 3*i + l - 1, -3*i + 21 = -5*l - 10. Suppose -9 = 4*o + 4*m - 1, -2*m - 1 = 5*o. What is the highest common divisor of i and o?
1
Suppose 25 + 103 = 4*n. Suppose 5*k - 2*w + w = 79, -5*k + 75 = -5*w. Let r = n + k. Calculate the highest common divisor of r and 12.
12
Let d = 31 + 2. Suppose d = 5*b - 2*b. What is the highest common factor of 11 and b?
11
Let q = 17 - -27. Calculate the greatest common factor of 66 and q.
22
Suppose 4*m - 57 = -2*g + 19, 3*g = 12. What is the highest common factor of 34 and m?
17
Suppose 0 = 2*x - 0 - 8. Let j be 39/x*12/(-3). Let c = -6 - j. What is the highest common divisor of c and 3?
3
Let h(d) = 4*d**2. Suppose 4 - 6 = o. Let n be h(o). Suppose -n = -0*s - s. Calculate the highest common divisor of 32 and s.
16
Let h be 13 + -10 - (-1 + -100). Calculate the greatest common divisor of h and 26.
26
Let b(p) = -p**2 + 13*p - 2. Let o = 11 - 5. Let j be b(o). What is the highest common divisor of j and 8?
8
Suppose -9*y = -3*y - 48. Calculate the highest common factor of 20 and y.
4
Suppose 6 + 0 = -3*o. Let s = 11 + o. Suppose -3*a + 150 = a + 3*i, 114 = 3*a + 3*i. What is the highest common divisor of a and s?
9
Suppose 2*o + o - 78 = 0. Suppose 39 = 5*m - o. Suppose -3*x = -11 - m. What is the greatest common factor of 8 and x?
8
Let j = -6 - -8. Suppose 0*i = j*i - 4. Suppose 0 = -2*x - 2*y + 2, -4*x - y = -i*y - 4. Calculate the greatest common divisor of 7 and x.
1
Let q(o) be the third derivative of -o**4/8 + o**3/2 - 3*o**2. Let v be q(-7). Let u = 43 - 31. Calculate the greatest common factor of u and v.
12
Suppose 35 = 5*h - 0*h + 5*b, 1 = -2*h + b. Let l = 159 + -64. Suppose 4*w + h*f - 5*f = l, -5*w + 80 = 4*f. Calculate the greatest common factor of 30 and w.
10
Suppose -5*n = -4*c + 112, 0*c - n = 3*c - 84. Let h be 2*-1 - (89 + 3). Let d = -24 - h. Calculate the highest common divisor of d and c.
14
Let p = -22 - -62. What is the greatest common factor of 8 and p?
8
Let z = -19 - -32. What is the greatest common divisor of 26 and z?
13
Let a = 17 + 7. What is the highest common divisor of a and 24?
24
Suppose 2*u + 540 = 4*u - 5*k, 2*k - 1350 = -5*u. What is the greatest common divisor of u and 30?
30
Suppose -8*q = -q - 616. What is the greatest common divisor of q and 8?
8
Let u(y) = 2*y**2 - 17*y + 10. Let k be u(10). Calculate the highest common factor of 120 and k.
40
Let n = -22 - -13. Let z = n - -27. Suppose 2*y - 4*r = 135 - 49, -3*r = -3.